{"id":2,"date":"2011-10-08T12:56:04","date_gmt":"2011-10-08T12:56:04","guid":{"rendered":"http:\/\/www.ey-films.fr\/blog\/?page_id=2"},"modified":"2024-03-18T15:10:28","modified_gmt":"2024-03-18T14:10:28","slug":"a-propos-du-blog","status":"publish","type":"page","link":"https:\/\/www.ey-films.fr\/blog\/a-propos-du-blog\/","title":{"rendered":"A propos du blog"},"content":{"rendered":"<p>Ce blog est un compl\u00e9ment du <a href=\"https:\/\/www.ey-films.fr\/accueil.htm\">site Internet<\/a> de la soci\u00e9t\u00e9 de production audiovisuelle LES FILMS ALEXANDRE EYMERY. Il est consacr\u00e9 aux projets en cours et \u00e0 des sujets connexes autour de la r\u00e9alisation de films de fiction et documentaires, de films institutionnels, de captations de spectacles&#8230; Il refl\u00e8te l&rsquo;engagement d&rsquo;Alexandre Eymery dans la lutte contre la d\u00e9gradation de notre \u00e9cosyst\u00e8me, pour l&rsquo;\u00e9mergence d&rsquo;un mode de fonctionnement soutenable pour l&rsquo;humain et notre plan\u00e8te.<\/p>\n<h4>L&rsquo;esprit de l&rsquo;artisanat, au sens noble du terme<\/h4>\n<p data-wp-editing=\"1\"><img decoding=\"async\" loading=\"lazy\" class=\"alignleft wp-image-1444\" src=\"https:\/\/www.ey-films.fr\/blog\/wp-content\/uploads\/Alexandre_Eymery-200x300.jpg\" alt=\"\" width=\"215\" height=\"323\" srcset=\"https:\/\/www.ey-films.fr\/blog\/wp-content\/uploads\/Alexandre_Eymery-200x300.jpg 200w, https:\/\/www.ey-films.fr\/blog\/wp-content\/uploads\/Alexandre_Eymery-768x1152.jpg 768w, https:\/\/www.ey-films.fr\/blog\/wp-content\/uploads\/Alexandre_Eymery-683x1024.jpg 683w, https:\/\/www.ey-films.fr\/blog\/wp-content\/uploads\/Alexandre_Eymery-681x1022.jpg 681w, https:\/\/www.ey-films.fr\/blog\/wp-content\/uploads\/Alexandre_Eymery.jpg 1000w\" sizes=\"(max-width: 215px) 100vw, 215px\" \/>\u00ab\u00a0R\u00e9alisateur avant d&rsquo;\u00eatre producteur, c&rsquo;est avec un m\u00eame regard et une m\u00eame passion pour l&rsquo;image que j&rsquo;aborde chaque film, qu\u2019il s\u2019agisse d\u2019une fiction, d\u2019un documentaire ou d\u2019une vid\u00e9o institutionnelle. J&rsquo;ai cr\u00e9\u00e9 la soci\u00e9t\u00e9 de production fin 2005 pour donner un cadre juridique et financier \u00e0 mes ambitions artistiques, sans vocation \u00e0 d\u00e9velopper d&rsquo;autres projets que les miens.<\/p>\n<p>Au-del\u00e0 de la r\u00e9alisation et la mise en sc\u00e8ne, j&rsquo;\u00e9prouve une attirance particuli\u00e8re pour les techniques audiovisuelles, avec une pr\u00e9dilection pour la prise de vue. J\u2019en tire une grande libert\u00e9 de cr\u00e9ation en travaillant seul ou en \u00e9quipe r\u00e9duite lors de tournages qui le permettent, avec l\u2019esprit d\u2019un artisan dans le sens le plus noble du terme ; c\u2019est \u00e0 dire avec une exigence, un amour du travail bien fait et un sens du d\u00e9tail au service d&rsquo;une esth\u00e9tique. Sur les projets de films plus cons\u00e9quents, comme les longs-m\u00e9trages de fiction, ces connaissances techniques me permettent des \u00e9changes riches et constructifs avec mes \u00e9quipes. C&rsquo;est ce go\u00fbt pour le partage du savoir-faire qui me pousse \u00e0 \u00e9crire sur ces pages.<\/p>\n<p>Aujourd&rsquo;hui, mon temps et mon \u00e9nergie sont consacr\u00e9s \u00e0 la lutte contre le r\u00e9chauffement climatique et la d\u00e9gradation de notre \u00e9cosyst\u00e8me, avec des projets comme <em>Reconnexion<\/em> ou la s\u00e9rie sur le <em>moulin de Sugy<\/em>.\u00a0 Le cin\u00e9ma et l&rsquo;audiovisuel sont de formidables outils pour \u00e9veiller les consciences et induire des changements de comportements. Pour un monde d\u00e9sirable, respectueux de l\u2019humain et de son environnement.\u00a0\u00bb<\/p>\n<p style=\"text-align: right;\">Alexandre Eymery<\/p>\n<div id=\"form-container2\">\n<p class=\"form-title\"><strong>Me contacter<\/strong><\/p>\n\n<div class=\"wpcf7 no-js\" id=\"wpcf7-f729-o1\" lang=\"fr-FR\" dir=\"ltr\">\n<div class=\"screen-reader-response\"><p role=\"status\" aria-live=\"polite\" aria-atomic=\"true\"><\/p> <ul><\/ul><\/div>\n<form action=\"\/blog\/wp-json\/wp\/v2\/pages\/2#wpcf7-f729-o1\" method=\"post\" class=\"wpcf7-form init\" aria-label=\"Formulaire de contact\" novalidate=\"novalidate\" data-status=\"init\">\n<div style=\"display: none;\">\n<input type=\"hidden\" name=\"_wpcf7\" value=\"729\" \/>\n<input type=\"hidden\" name=\"_wpcf7_version\" value=\"5.7.5.1\" \/>\n<input type=\"hidden\" name=\"_wpcf7_locale\" value=\"fr_FR\" \/>\n<input type=\"hidden\" name=\"_wpcf7_unit_tag\" value=\"wpcf7-f729-o1\" \/>\n<input type=\"hidden\" name=\"_wpcf7_container_post\" value=\"0\" \/>\n<input type=\"hidden\" name=\"_wpcf7_posted_data_hash\" value=\"\" \/>\n<\/div>\n<p>Pr\u00e9nom \/ Nom : <span class=\"star\">*<span><br \/>\n<span class=\"wpcf7-form-control-wrap\" data-name=\"your-name\"><input size=\"40\" class=\"wpcf7-form-control wpcf7-text wpcf7-validates-as-required form1\" aria-required=\"true\" aria-invalid=\"false\" value=\"\" type=\"text\" name=\"your-name\" \/><\/span> <\/span><\/span>\n<\/p>\n<p>Adresse courriel : <span class=\"star\">*<span><br \/>\n<span class=\"wpcf7-form-control-wrap\" data-name=\"your-email\"><input size=\"40\" class=\"wpcf7-form-control wpcf7-text wpcf7-email wpcf7-validates-as-required wpcf7-validates-as-email form1\" aria-required=\"true\" aria-invalid=\"false\" value=\"\" type=\"email\" name=\"your-email\" \/><\/span> <\/span><\/span>\n<\/p>\n<p>Sujet : <span class=\"star\">*<span><br \/>\n<span class=\"wpcf7-form-control-wrap\" data-name=\"your-subject\"><input size=\"40\" class=\"wpcf7-form-control wpcf7-text wpcf7-validates-as-required form1\" aria-required=\"true\" aria-invalid=\"false\" value=\"\" type=\"text\" name=\"your-subject\" \/><\/span> <\/span><\/span>\n<\/p>\n<p>Message :\n<\/p>\n<p><span class=\"wpcf7-form-control-wrap\" data-name=\"your-message\"><textarea cols=\"40\" rows=\"10\" class=\"wpcf7-form-control wpcf7-textarea form2\" aria-invalid=\"false\" name=\"your-message\"><\/textarea><\/span>\n<\/p>\n<p>Recopiez le code ci-dessous :\n<\/p>\n<p><input type=\"hidden\" name=\"_wpcf7_captcha_challenge_captcha-448\" value=\"574528664\" \/><img class=\"wpcf7-form-control wpcf7-captchac wpcf7-captcha-captcha-448\" width=\"72\" height=\"24\" alt=\"captcha\" src=\"https:\/\/www.ey-films.fr\/blog\/wp-content\/uploads\/wpcf7_captcha\/574528664.png\" \/>\n<\/p>\n<p><span class=\"wpcf7-form-control-wrap\" data-name=\"captcha-448\"><input size=\"40\" class=\"wpcf7-form-control wpcf7-captchar form3\" autocomplete=\"off\" aria-invalid=\"false\" value=\"\" type=\"text\" name=\"captcha-448\" \/><\/span>\n<\/p>\n<p><input class=\"wpcf7-form-control has-spinner wpcf7-submit\" type=\"submit\" value=\"Envoyer\" \/>\n<\/p><div class=\"wpcf7-response-output\" aria-hidden=\"true\"><\/div>\n<\/form>\n<\/div>\n\n<\/div>\n","protected":false},"excerpt":{"rendered":"<p>Ce blog est un compl\u00e9ment du site Internet de la soci\u00e9t\u00e9 de production audiovisuelle LES FILMS ALEXANDRE EYMERY. Il est consacr\u00e9 aux projets en cours et \u00e0 des sujets connexes autour de la r\u00e9alisation de films de fiction et documentaires, de films institutionnels, de captations de spectacles&#8230; Il refl\u00e8te l&rsquo;engagement d&rsquo;Alexandre Eymery dans la lutte [&hellip;]<\/p>\n","protected":false},"author":1,"featured_media":494,"parent":0,"menu_order":0,"comment_status":"closed","ping_status":"closed","template":"page-templates\/page-modele-2.php","meta":[],"_links":{"self":[{"href":"https:\/\/www.ey-films.fr\/blog\/wp-json\/wp\/v2\/pages\/2"}],"collection":[{"href":"https:\/\/www.ey-films.fr\/blog\/wp-json\/wp\/v2\/pages"}],"about":[{"href":"https:\/\/www.ey-films.fr\/blog\/wp-json\/wp\/v2\/types\/page"}],"author":[{"embeddable":true,"href":"https:\/\/www.ey-films.fr\/blog\/wp-json\/wp\/v2\/users\/1"}],"replies":[{"embeddable":true,"href":"https:\/\/www.ey-films.fr\/blog\/wp-json\/wp\/v2\/comments?post=2"}],"version-history":[{"count":32,"href":"https:\/\/www.ey-films.fr\/blog\/wp-json\/wp\/v2\/pages\/2\/revisions"}],"predecessor-version":[{"id":1601,"href":"https:\/\/www.ey-films.fr\/blog\/wp-json\/wp\/v2\/pages\/2\/revisions\/1601"}],"wp:featuredmedia":[{"embeddable":true,"href":"https:\/\/www.ey-films.fr\/blog\/wp-json\/wp\/v2\/media\/494"}],"wp:attachment":[{"href":"https:\/\/www.ey-films.fr\/blog\/wp-json\/wp\/v2\/media?parent=2"}],"curies":[{"name":"wp","href":"https:\/\/api.w.org\/{rel}","templated":true}]}}

<p>Ce blog est un complément du <a href="https://www.ey-films.fr/accueil.htm">site Internet</a> de la société de production audiovisuelle LES FILMS ALEXANDRE EYMERY. Il est consacré aux projets en cours et à des sujets connexes autour de la réalisation de films de fiction et documentaires, de films institutionnels, de captations de spectacles&#8230; Il reflète l&rsquo;engagement d&rsquo;Alexandre Eymery dans la lutte contre la dégradation de notre écosystème, pour l&rsquo;émergence d&rsquo;un mode de fonctionnement soutenable pour l&rsquo;humain et notre planète.</p>
<h4>L&rsquo;esprit de l&rsquo;artisanat, au sens noble du terme</h4>
<p data-wp-editing="1"><img decoding="async" loading="lazy" class="alignleft wp-image-1444" src="https://www.ey-films.fr/blog/wp-content/uploads/Alexandre_Eymery-200x300.jpg" alt="" width="215" height="323" srcset="https://www.ey-films.fr/blog/wp-content/uploads/Alexandre_Eymery-200x300.jpg 200w, https://www.ey-films.fr/blog/wp-content/uploads/Alexandre_Eymery-768x1152.jpg 768w, https://www.ey-films.fr/blog/wp-content/uploads/Alexandre_Eymery-683x1024.jpg 683w, https://www.ey-films.fr/blog/wp-content/uploads/Alexandre_Eymery-681x1022.jpg 681w, https://www.ey-films.fr/blog/wp-content/uploads/Alexandre_Eymery.jpg 1000w" sizes="(max-width: 215px) 100vw, 215px" />« Réalisateur avant d&rsquo;être producteur, c&rsquo;est avec un même regard et une même passion pour l&rsquo;image que j&rsquo;aborde chaque film, qu’il s’agisse d’une fiction, d’un documentaire ou d’une vidéo institutionnelle. J&rsquo;ai créé la société de production fin 2005 pour donner un cadre juridique et financier à mes ambitions artistiques, sans vocation à développer d&rsquo;autres projets que les miens.</p>
<p>Au-delà de la réalisation et la mise en scène, j&rsquo;éprouve une attirance particulière pour les techniques audiovisuelles, avec une prédilection pour la prise de vue. J’en tire une grande liberté de création en travaillant seul ou en équipe réduite lors de tournages qui le permettent, avec l’esprit d’un artisan dans le sens le plus noble du terme ; c’est à dire avec une exigence, un amour du travail bien fait et un sens du détail au service d&rsquo;une esthétique. Sur les projets de films plus conséquents, comme les longs-métrages de fiction, ces connaissances techniques me permettent des échanges riches et constructifs avec mes équipes. C&rsquo;est ce goût pour le partage du savoir-faire qui me pousse à écrire sur ces pages.</p>
<p>Aujourd&rsquo;hui, mon temps et mon énergie sont consacrés à la lutte contre le réchauffement climatique et la dégradation de notre écosystème, avec des projets comme <em>Reconnexion</em> ou la série sur le <em>moulin de Sugy</em>.  Le cinéma et l&rsquo;audiovisuel sont de formidables outils pour éveiller les consciences et induire des changements de comportements. Pour un monde désirable, respectueux de l’humain et de son environnement. »</p>
<p style="text-align: right;">Alexandre Eymery</p>
<div id="form-container2">
<p class="form-title"><strong>Me contacter</strong></p>

<div class="wpcf7 no-js" id="wpcf7-f729-o1" lang="fr-FR" dir="ltr">
<div class="screen-reader-response"><p role="status" aria-live="polite" aria-atomic="true"></p> <ul></ul></div>
<form action="/blog/wp-json/wp/v2/pages/2#wpcf7-f729-o1" method="post" class="wpcf7-form init" aria-label="Formulaire de contact" novalidate="novalidate" data-status="init">
<div style="display: none;">
<input type="hidden" name="_wpcf7" value="729" />
<input type="hidden" name="_wpcf7_version" value="5.7.5.1" />
<input type="hidden" name="_wpcf7_locale" value="fr_FR" />
<input type="hidden" name="_wpcf7_unit_tag" value="wpcf7-f729-o1" />
<input type="hidden" name="_wpcf7_container_post" value="0" />
<input type="hidden" name="_wpcf7_posted_data_hash" value="" />
</div>
<p>Prénom / Nom : <span class="star">*<span><br />
<span class="wpcf7-form-control-wrap" data-name="your-name"><input size="40" class="wpcf7-form-control wpcf7-text wpcf7-validates-as-required form1" aria-required="true" aria-invalid="false" value="" type="text" name="your-name" /></span> </span></span>
</p>
<p>Adresse courriel : <span class="star">*<span><br />
<span class="wpcf7-form-control-wrap" data-name="your-email"><input size="40" class="wpcf7-form-control wpcf7-text wpcf7-email wpcf7-validates-as-required wpcf7-validates-as-email form1" aria-required="true" aria-invalid="false" value="" type="email" name="your-email" /></span> </span></span>
</p>
<p>Sujet : <span class="star">*<span><br />
<span class="wpcf7-form-control-wrap" data-name="your-subject"><input size="40" class="wpcf7-form-control wpcf7-text wpcf7-validates-as-required form1" aria-required="true" aria-invalid="false" value="" type="text" name="your-subject" /></span> </span></span>
</p>
<p>Message :
</p>
<p><span class="wpcf7-form-control-wrap" data-name="your-message"><textarea cols="40" rows="10" class="wpcf7-form-control wpcf7-textarea form2" aria-invalid="false" name="your-message"></textarea></span>
</p>
<p>Recopiez le code ci-dessous :
</p>
<p><input type="hidden" name="_wpcf7_captcha_challenge_captcha-448" value="574528664" /><img class="wpcf7-form-control wpcf7-captchac wpcf7-captcha-captcha-448" width="72" height="24" alt="captcha" src="https://www.ey-films.fr/blog/wp-content/uploads/wpcf7_captcha/574528664.png" />
</p>
<p><span class="wpcf7-form-control-wrap" data-name="captcha-448"><input size="40" class="wpcf7-form-control wpcf7-captchar form3" autocomplete="off" aria-invalid="false" value="" type="text" name="captcha-448" /></span>
</p>
<p><input class="wpcf7-form-control has-spinner wpcf7-submit" type="submit" value="Envoyer" />
</p><div class="wpcf7-response-output" aria-hidden="true"></div>
</form>
</div>

</div>

<p>Ce blog est un complément du site Internet de la société de production audiovisuelle LES FILMS ALEXANDRE EYMERY. Il est consacré aux projets en cours et à des sujets connexes autour de la réalisation de films de fiction et documentaires, de films institutionnels, de captations de spectacles&#8230; Il reflète l&rsquo;engagement d&rsquo;Alexandre Eymery dans la lutte [&hellip;]</p>
